.
2, 131
Let j = 10667 + 5813. What are the prime factors of j?
2, 5, 103
Suppose -3*g - 12 = -3*d, -2*g - 6 = -d + 2. Let s = -117 + 122. Suppose d = -3*y - x + 215 + 149, s = 5*x. What are the prime factors of y?
11
Let q(c) = -12*c - 10. Let w be q(-13). Let o = w - 142. List the prime factors of o.
2
Suppose -4*t = -11*t - 29898 + 185557. What are the prime factors of t?
37, 601
Let b(a) = -3*a**3 + 4*a**2 + 9*a - 3. Let z be b(5). What are the prime factors of 2/((-32)/112)*(z - 0)?
7, 233
Let b = 26518 - -26660. List the prime factors of b.
2, 3, 8863
Suppose 2*y = 0, 264*l - 263*l = -4*y + 21763. List the prime factors of l.
7, 3109
Let p(g) = -4*g + 73. Suppose 4*d - 52 = 7*d + 2*j, 2*d + 26 = 3*j. What are the prime factors of p(d)?
137
Suppose -b = 7*o - 5*o - 12376, 0 = -9*o - 3*b + 55692. List the prime factors of o.
2, 7, 13, 17
Let i = -74 + 69. List the prime factors of 1/10*i + (-529)/(-2).
2, 3, 11
Let f(u) = 2257*u - 10. What are the prime factors of f(4)?
2, 3, 167
Suppose 0 = 2*n - 3*f + 4*f + 7, 10 = -5*n - 4*f. Let v be n*(-1)/6 + 1 + 0. Suppose 2*h + v*b - 92 = 0, -h - 2*b + 4*b = -52. What are the prime factors of h?
2, 3
Let i(x) = 13*x**3 + 2*x**2 + 2*x + 1. Let g be i(-1). Suppose 27*c + 13622 = 81*c + 44*c. Let a = c - g. What are the prime factors of a?
151
Let f(c) = -1121*c**3 - 7*c**2 + 115*c + 358. List the prime factors of f(-3).
11, 41, 67
Let o(d) be the third derivative of d**5/60 + d**4/24 - 14*d**3/3 - 8*d**2. Let a be o(0). Let b = 33 + a. List the prime factors of b.
5
Let r(a) be the second derivative of 11*a**3/6 - 71*a**2/2 - 94*a. What are the prime factors of r(18)?
127
Suppose 8*h - 3*x - 17 = 7*h, -4*h - 3*x + 143 = 0. Let n = 20 + -17. Suppose k + 4*v = h, -6*v = -n*v. What are the prime factors of k?
2
Suppose -s = -4*i - 31, 0 = 5*s + 14*i - 10*i - 83. What are the prime factors of s + (5 - (6 - 0))?
2, 3
Let f be (44 - 38)*(1/(-2) + 1). Suppose 5*c - 2*i + 7 = 0, -4*c + 0*i - f = i. What are the prime factors of (-14*5 + 3)/c?
67
Let x(z) = z**3 - 14*z**2 - 25*z - 21. Suppose 4*i = 3*p + 3*i - 57, -3*i - 57 = -3*p. What are the prime factors of x(p)?
7, 11, 17
Suppose 0 = 3*b + 2*y - 98, 4*b - 44*y + 49*y - 147 = 0. Let u be 30/2 - (1 + 0). Suppose -b + 2618 = u*f. List the prime factors of f.
5, 37
Let u = -2128 + 6120. List the prime factors of u.
2, 499
Suppose -4*w + 203 = 25*w. List the prime factors of (-7 + 0)/w - (-333 - -1).
331
Let l(p) = -p**3 + 9*p - 175. Let i be l(0). Let u(z) = z**3 + 11*z**2 - 2*z + 5. Let d be u(-13). Let b = i - d. List the prime factors of b.
2, 3, 11
Suppose 6 + 7 = 5*v - 2*o, -5*o = -3*v + 4. Suppose 4*x - 6*x = 5*p - 2271, x + v*p = 1133. What are the prime factors of x?
2, 7, 41
Let l = 107 - 45. Let o = l + -112. List the prime factors of ((-690)/o)/((-2)/(-10)).
3, 23
Let w be (5 - (-3 + -2)) + -7. Suppose -c = -w*s - 606, -1967 = -5*c + 5*s + 1093. List the prime factors of c.
3, 5, 41
Let p(x) = 57*x + 598. List the prime factors of p(45).
3163
Let d(b) = 14*b**3 - 4*b**2 + 13*b - 7. List the prime factors of d(9).
2, 1249
Let x be 4 + -1 - (11 + -10). Let k be (x + 12/(-8))*-178. List the prime factors of (-2 - -1) + (-9 - k).
79
Suppose 2*f = -4*m + m - 15158, -2*m = -2*f - 15148. List the prime factors of (35/175 - f/(-30))*-3.
757
Let a(o) = 31*o - 17 + 25*o**2 + 2*o**3 + 3*o**3 - 4*o**3 + 0*o**2. Let y be a(-24). Let l = -129 - y. List the prime factors of l.
2, 7
Let m(q) = 1585*q**3 + q**2 - q. Let o be m(-1). Let x = o + 2231. Suppose x = 6*w + 48. List the prime factors of w.
2, 5
Let l(j) = -46*j**3 - 9*j**2 - 22*j - 53. List the prime factors of l(-6).
11, 881
Let i be (6/(-4))/((-3)/10). Suppose -3*v = 2*f - 528, -f + 887 = i*v - 0*v. What are the prime factors of v?
2, 89
Suppose -66*t + 56*t = -2230. Let x = t + 181. List the prime factors of x.
2, 101
Suppose 82344 = 16*k + 20840. List the prime factors of k.
2, 31
Let j = 26253 + -17032. What are the prime factors of j?
9221
Let c(r) = r**3 + 24*r**2 + 3*r - 5. Let y be c(-22). Let k = y + -378. What are the prime factors of k?
3, 173
Let f be -6 - (11 + -5 - (0 - -2)). Let n be (442/(-3))/(-4 + f/(-3)). Suppose 5*l = 22*l - n. What are the prime factors of l?
13
Let a(n) = 5*n**2 - 33*n + 1389. What are the prime factors of a(28)?
5, 877
Let i(u) = u**2 - 13*u + 23. Let q be i(13). Let k = q + 21. Suppose 0 = -s + k + 13. What are the prime factors of s?
3, 19
Let y be (3*1)/((-42)/(-28)). Suppose 0 = -y*x + x - 21. List the prime factors of 1670/35 - 6/x.
2, 3
Suppose -10*y - 4640 = 6*y. Let c = 294 + y. List the prime factors of c.
2
What are the prime factors of 12607/1 - ((-9 - 4) + 10)?
2, 5, 13, 97
Let q(k) = 5*k + 2. Let b(r) = 81*r + 33. Let d(a) = -4*b(a) + 66*q(a). Let f be d(4). What are the prime factors of f/(-10) + 3 + 424/10?
43
Suppose -h = -2*n - 248, 3*h + 4*n - 566 = 218. Let s = h + 1739. List the prime factors of s.
3, 5, 7, 19
Suppose -129*q + 133*q = 0. Suppose 11*o = -q*o + 1045. What are the prime factors of o?
5, 19
Let n(q) = q**3 + 26*q**2 + 25*q + 35. Let p be (-2)/(-1)*3*100/(-24). What are the prime factors of n(p)?
5, 7
List the prime factors of (1 - (-22)/8)/(171/637488).
2, 3, 5, 233
Suppose 19934 = 6*j - 47146. What are the prime factors of j?
2, 5, 13, 43
Suppose 177945 = 5*d + 12*l - 17*l, 177947 = 5*d - 6*l. List the prime factors of d.
19, 1873
Suppose 39*a - 2320 = 35*a. Let g = -60 - a. What are the prime factors of g/(-45) + 4/(-18)?
2, 7
Let t(h) = -2*h + 16. Let k be t(8). Suppose 6*a - 400 + 112 = k. What are the prime factors of a?
2, 3
Suppose -197*f - 380243 - 1175661 = -225*f. What are the prime factors of f?
2, 23, 151
Suppose -6*l - 665 = -7*l. Let u be l/(-209) + 4/22. List the prime factors of u + -2*-1*(-849)/(-6).
2, 5, 7
Let u(t) = -t**3 - 7*t**2 - 12. Let a be u(-8). Suppose 17*r = a + 169. List the prime factors of r.
13
Let p(u) = -65*u - 1015. What are the prime factors of p(-43)?
2, 5, 89
Let p = -19758 + 27758. List the prime factors of p.
2, 5
Suppose j + 3*j = -5*o + 28, 5*o - 2*j = 16. Let k be 9/6*32*o/6. Suppose -120 = -k*b + 31*b. List the prime factors of b.
2, 3, 5
Let f(c) = 85*c + 10 + 14 - 9 + 13*c**2 - 75*c. What are the prime factors of f(-6)?
3, 47
Let g = 775 + -435. Let v be (-3 - 0)/(20/g). Let k = -7 - v. List the prime factors of k.
2, 11
Suppose 0 = -58*r + 5*r + 467778. What are the prime factors of r?
2, 3, 1471
Let v = 12023 + 18529. What are the prime factors of v?
2, 3, 19, 67
Let d = -67 - -69. Let a(m) = 17*m**3 + 3*m**2 - 4*m + 2. Let u be a(d). Let t = -4 + u. List the prime factors of t.
2, 3, 23
List the prime factors of (-132)/11 - -3393 - -12.
3, 13, 29
Let k(o) = -o**3 - 30*o**2 - 47*o - 52. List the prime factors of k(-29).
2, 5, 47
Suppose -6565794 = -845*k - 1107939. List the prime factors of k.
3, 2153
Suppose -100 = 5*s - 425. Suppose r - 5 + 10 = 0, 5*h - s = 5*r. List the prime factors of h.
2
Let s(x) = 104*x + 25. Let l be s(8). Suppose -f = 4*d - 297, 5*d = 6*f - 3*f - l. Suppose -5*i = -3*c + f, -3*c + i - 2*i = -277. List the prime factors of c.
3, 31
Let s(q) = 27*q**2 + 13*q + 25*q**2 + q**3 - 5*q**2 + 52 - 10*q**2 + 3*q**2. What are the prime factors of s(-39)?
2, 13, 41
Suppose 0 = -4*o + p + 4055 + 326, 4*o - 2*p = 4382. Suppose 0 = 4*f + 4*u - 2656, -o = -3*f + u + 877. List the prime factors of f.
659
Let r = 161 - 25. Suppose 0 = -5*a - 350 - 55. Let h = a + r. List the prime factors of h.
5, 11
Let h be 8/4 - 3/1. Let a = h + 4. Suppose -4*r + 2*d + 240 + 230 = 0, 5*d - 346 = -a*r. What are the prime factors of r?
3, 13
Let s(y) = -y**3 + y**2 + y - 4. Suppose 0 = -h - 5, -3*i = 2*i + 5*h + 10. Suppose 4*x - 5*x = i. List the prime factors of s(x).
29
Suppose 4646 = o - u, 4*u = -2*o - 1412 + 10680. List the prime factors of o.
2, 11, 211
Let s = -202 - -448. Suppose 2*z - 2*b - 872 = 0, 3*b + s = z - 180. List the prime factors of z.
3, 7
Let c(v) = 33*v - 829. What are the prime factors of c(37)?
2, 7
Suppose 53*d + 54792 = 297903. List the prime factors of d.
3, 11, 139
Let a(w) = -w**3 + 3*w**2 - 2*w. Let z be a(1). Suppose 4*v - 70 + 62 = z. Suppose -5*s - v - 8 = 0, -k + 47 = -5*s. What are the prime factors of k?
37
Suppose 0 = 82*n + 63*n - 172840. List t